
In base 2, what is 100100100100111010 - 101001?
100100100100010001
In base 13, what is 890 + a51?
1611
In base 13, what is a40 - 1194?
-454
In base 14, what is -7b3 - -1da93?
1d2c0
In base 9, what is 5 + 241656418?
241656424
In base 5, what is 0 + 1112403021?
1112403021
In base 11, what is -227628 + -16?
-227643
In base 8, what is 2 - -765161372?
765161374
In base 12, what is -1320b + -389?
-13598
In base 7, what is -14 - 36424534?
-36424551
In base 6, what is 11041540140 - -5?
11041540145
In base 12, what is 1 + -28b20a2?
-28b20a1
In base 2, what is 1011111 - 10110111010111010000?
-10110111010101110001
In base 5, what is -100442 + 120441341?
120340344
In base 15, what is -39 + 37cd1?
37c97
In base 5, what is -132344443211 + 2?
-132344443204
In base 12, what is 28399a6a + -7?
28399a63
In base 16, what is 559d88 - -4?
559d8c
In base 13, what is -1a - 346084?
-3460a1
In base 8, what is 4 - -3366334?
3366340
In base 10, what is 1595 - 27273?
-25678
In base 8, what is -10462 - 2630?
-13312
In base 12, what is 12b9 - -3b6?
16b3
In base 16, what is d676 + -2a?
d64c
In base 12, what is -51a4114 - 0?
-51a4114
In base 12, what is 93892 - 13b?
93753
In base 2, what is -1110111001101010001001001 + -11?
-1110111001101010001001100
In base 14, what is -157 + bd72?
bc19
In base 2, what is 101000011010110110001001101 + -100?
101000011010110110001001001
In base 3, what is -1 - 20222201100202101?
-20222201100202102
In base 2, what is 100 + 110000100001000010000011?
110000100001000010000111
In base 6, what is 11412513 + -3525?
11404544
In base 16, what is c7 - fe6?
-f1f
In base 4, what is 231 - -10213303203?
10213310100
In base 8, what is -111 - 17224207?
-17224320
In base 6, what is -3252344 + 5?
-3252335
In base 13, what is b9 + -16235b?
-162272
In base 2, what is -111001110 + -101010010000?
-110001011110
In base 13, what is -17a501 - 99?
-17a59a
In base 16, what is -1c8e7 + -1d?
-1c904
In base 9, what is -57861 - -2503?
-55357
In base 9, what is -4 + 36322075?
36322071
In base 5, what is -1340424420 + 12?
-1340424403
In base 12, what is 1896869 - 2?
1896867
In base 7, what is 32614212 + 5?
32614220
In base 6, what is 10454 + 2014?
12512
In base 8, what is 62 + 5734600?
5734662
In base 4, what is -2 - -1032311000213?
1032311000211
In base 15, what is -1a8 - acac8?
-acc81
In base 2, what is -11 + -100001010100000111101011011?
-100001010100000111101011110
In base 4, what is -210201311223131 - -11?
-210201311223120
In base 3, what is 1000 + 200000220010122?
200000220011122
In base 4, what is -230113300 + -3022?
-230122322
In base 11, what is -12a372 - 484?
-12a846
In base 4, what is 332 - -132130300122?
132130301120
In base 15, what is -265422 - 2b?
-26544d
In base 10, what is -691475 + -1044?
-692519
In base 16, what is -3 + -1eb0ca0?
-1eb0ca3
In base 9, what is -1356 + -161025?
-162382
In base 14, what is 4 - 6032748?
-6032744
In base 4, what is 0 - -110201311120?
110201311120
In base 4, what is 2332 - 211031?
-202033
In base 11, what is -1121891 - -72?
-112181a
In base 13, what is -52968a + -2a?
-5296b7
In base 4, what is -1001 - 2021221132?
-2021222133
In base 9, what is -62332 + 11444?
-50777
In base 13, what is 7b1 - bb35?
-b354
In base 16, what is -130e - 8c?
-139a
In base 11, what is -5661 + -3568?
-9119
In base 11, what is 51a686 + 55?
51a730
In base 5, what is 3 + -234424414?
-234424411
In base 12, what is -124715 + -ab?
-124804
In base 5, what is 10340332 + 1040?
10341422
In base 9, what is 5 + 6614286?
6614302
In base 10, what is 9950 + -537?
9413
In base 14, what is -51451 - 1b?
-5146c
In base 4, what is 211 - 31301231303?
-31301231032
In base 10, what is -5 + -81892042?
-81892047
In base 5, what is 24201 + 12323?
42024
In base 14, what is -68bc - 177?
-6a55
In base 10, what is 291214 - 152?
291062
In base 12, what is 111b - 857?
484
In base 14, what is 12 - -d907c?
d9090
In base 10, what is 33 + -203712?
-203679
In base 4, what is 2 + -2202222120023?
-2202222120021
In base 4, what is -10 + 12013021020?
12013021010
In base 3, what is -2112122002 + -2111100?
-2122010102
In base 8, what is 4262416 - -170?
4262606
In base 6, what is -51513143 - -214?
-51512525
In base 14, what is 99 + 6b03?
6b9c
In base 9, what is -18 - 602327?
-602346
In base 4, what is 102132030300 - -30?
102132030330
In base 12, what is 11632 + b51?
12583
In base 7, what is -56 + -2315525?
-2315614
In base 4, what is 1 + -20030302212?
-20030302211
In base 16, what is -19442 - -1057?
-183eb
In base 9, what is -6407 - 12208?
-18616
In base 4, what is 100112 - 311022133?
-310322021
In base 14, what is -382532b + -4?
-3825331
In base 14, what is -5263 + -35?
-5298
In base 5, what is -3 + 3014001241?
3014001233
In base 11, what is -1247741 + -1?
-1247742
In base 13, what is -3 - -15c957?
15c954
In base 12, what is 1a394 + 390a?
220a2
In base 8, what is -4 - 704230414?
-704230420
In base 12, what is -15 + 3032a31?
3032a18
In base 9, what is 11 - -2586764?
2586775
In base 16, what is -5 + 1302595?
1302590
In base 14, what is 3cd - -1210a8?
121497
In base 13, what is 8c83bab + 0?
8c83bab
In base 3, what is 110 - -1010202110220001?
1010202110220111
In base 8, what is -45 + 1433452?
1433405
In base 10, what is 4 + 70371886?
70371890
In base 4, what is -10113030323 + 12?
-10113030311
In base 6, what is -2250 - 4103313?
-4110003
In base 14, what is 226645 - -104?
226749
In base 14, what is 10 - -41577c4?
41577d4
In base 3, what is 1001112120 + -10102?
1001102011
In base 5, what is -3341231401 + 24?
-3341231322
In base 10, what is 247262 + -139?
247123
In base 10, what is 75 + -204195?
-204120
In base 9, what is -22 - 8428?
-8451
In base 15, what is -1b6b34 + -3?
-1b6b37
In base 10, what is 2 - -60511514?
60511516
In base 15, what is da - -22ad?
2398
In base 10, what is 3 - 134622832?
-134622829
In base 3, what is -2221102220 - 220011?
-2222100001
In base 6, what is -5 + -11252205403?
-11252205412
In base 12, what is -76a43b - 1b?
-76a45a
In base 10, what is -365582460 - 5?
-365582465
In base 8, what is -5553 + 2517?
-3034
In base 7, what is 463 + -16611146?
-16610353
In base 10, what is 104 - 146984?
-146880
In base 6, what is -1352203 - 13224?
-1405431
In base 5, what is 414 - -1433030?
1433444
In base 13, what is 344 + -12a?
217
In base 2, what is 1111001011 - -10000100111111101?
10000110111001000
In base 14, what is -13b93 - -1b8?
-139b9
In base 2, what is -100011110110 - 1110010010110101?
-1110110110101011
In base 7, what is -2 + -111240644?
-111240646
In base 16, what is 0 - 5b10c8?
-5b10c8
In base 5, what is 3 - 113400420243?
-113400420240
In base 4, what is -220331 - 3?
-221000
In base 10, what is -188580472 - -5?
-188580467
In base 16, what is 1e5015 + 3e?
1e5053
In base 15, what is 52a1 - e8?
51a8
In base 3, what is -1121220000001100 - 10?
-1121220000001110
In base 7, what is -13022 - -3265351?
3252326
In base 13, what is 1372 - 1788a?
-16518
In base 7, what is 116140 - -1165?
120335
In base 10, what is 4 + -92743998?
-92743994
In base 16, what is c7930 + 115?
c7a45
In base 15, what is 2 + 51d808?
51d80a
In base 4, what is -1002113 + 132131?
-203322
In base 9, what is -1256645618 + 1?
-1256645617
In base 8, what is 4507433 + 160?
4507613
In base 15, what is 6d420cc + 17?
6d420e4
In base 6, what is -112 + -12413450?
-12414002
In base 13, what is 858886 + -2?
858884
In base 6, what is -5214024 + 11511?
-5202113
In base 14, what is -19 - 1a57c?
-1a597
In base 10, what is -89 + -124390?
-124479
In base 2, what is -1111011011001011001010011101 + -10?
-1111011011001011001010011111
In base 2, what is 11110000110001 - -11111101?
11110100101110
In base 4, what is -1031023 + -201103?
-1232132
In base 13, what is 225a4c8 + -13?
225a4b5
In base 10, what is 0 + -108315498?
-108315498
In base 12, what is 67 + -8840a?
-88363
In base 5, what is -44 - 20331441211?
-20331441310
In base 11, what is 1221 + 231821?
232a42
In base 3, what is 122020202202120 + 2?
122020202202122
In base 13, what is 2223a44 - 2?
2223a42
In base 13, what is 4 - -1958544?
1958548
In base 3, what is 22112010021 - -101001001?
22220011022
In base 16, what is -1001b - d3?
-100ee
In base 11, what is 1857 + 6a9?
2455
In base 7, what is -5 + 22506062?
22506054
In base 2, what is 101000101011011101010110010 - 101?
1010001010110111